 -65*w**2 + 7*w - 13. Let t(g) = -7*b(g) - 3*j(g). Calculate t(1).
24
Let c be -3*(-9)/(135/15). Let g(b) = 22*b - 54. Determine g(c).
12
Let h(a) = -a + 4. Let d be h(1). Let m(g) = -2 - 2 + 3 - 2*g + d*g. Let v(l) = -l**2 - 9*l - 6. Let n(j) = -2*m(j) - v(j). Determine n(-8).
16
Let s(t) = -t**3 + 4*t**2 - 3*t + 1. Suppose 913 + 47 = -32*k. Suppose -4*c + 4*g = -114 - 6, -5*c + 159 = -2*g. Let h = c + k. Calculate s(h).
1
Let t(h) = -2*h**2 + 35*h - 27. Suppose 2*o + 652 = -2*i + 688, 5*i - 4*o - 81 = 0. Determine t(i).
-10
Let m(w) = 8*w + 2. Let n be ((-1)/4 + 0)/((-1240)/4960). Determine m(n).
10
Let m be (-3)/(-2)*(-3 + 5)/(9 + -8). Suppose 4*g = -5*o - 0 + 1, -2*o - g + 1 = 0. Let b(f) = -o + 0*f**2 + 2 + f**2. Calculate b(m).
10
Let y(r) = -r**2 - 9*r - 8. Let x(n) = -n**3 + 8*n**2 + 64*n - 447. Let d be x(10). Give y(d).
6
Suppose -2*r + 4*m + 135 + 61 = 0, 5*m - 169 = -2*r. Let p = -96 + r. Let g(o) = -4*o + 2 - 4 - 4. Calculate g(p).
10
Let x(d) be the third derivative of -d**5/60 + 13*d**4/24 - 7*d**3/2 + 810*d**2. Let g(t) = t + 6. Let k be g(5). Let f be x(k). Let c(u) = u. Give c(f).
1
Let y = -38 + 42. Let q(l) be the second derivative of l**4/12 - l**3/2 + 3*l**2 - 16*l + 15. Give q(y).
10
Suppose 66*v = 74*v - 72. Let p(i) = -18*i**2 + 8*i**2 - v*i + 3*i**2 + 8*i**2. Calculate p(8).
-8
Let g(f) = 3749 - 3758 - 8*f - 2*f + 4*f. Give g(4).
-33
Let o = -71 - -87. Suppose 15*j - o = 29. Let k(x) = -3*x - 4. Give k(j).
-13
Let r(n) = -6*n - 25*n**2 + 11*n - 2*n**3 + 42*n + 7 + 8 + 3*n**3. What is r(23)?
38
Let z(p) = p**2 - 14*p + 3. Let c be z(14). Let j be 5/(33 - c)*6. Let r(v) = -2*v + v - 17304 + 17304. Calculate r(j).
-1
Suppose -13*j - 208 = 143. Let h(w) = -w**3 - 28*w**2 - 24*w + 62. Calculate h(j).
-19
Let g(l) = -l**2 - 3*l - 6. Let z be g(0). Suppose 5*o - 1 - 4 = 0. Let n(j) = -5*j - o + 8 - 1 + 8*j. Calculate n(z).
-12
Let c(d) = -77*d**2 + d. Suppose 833*i + 2*k = 828*i - 7, 2 = -3*i + k. Calculate c(i).
-78
Let b(l) = -l**3 - 7*l**2 + 2*l + 4. Let o(p) = p**3 - 6*p**2 - 7. Let t be 2 - (-1 - -1) - (-5 - -5). Suppose 0 = -g + 8 - t. Let a be o(g). Give b(a).
-10
Suppose 3*z = b + 26, -15*b + 14*b - 16 = 2*z. Let s(f) = f**3 + 19*f**2 - 18*f + 26. Calculate s(b).
-14
Let r = 8 - 1. Let n(t) be the third derivative of 4/3*t**3 + 1/4*t**4 + 39*t**2 + 0*t + 0 - 1/120*t**6 + 1/10*t**5. Determine n(r).
1
Let o(w) = -2*w**3 - w - 1. Let g(a) = 13*a**3 + 20*a**2 + 21*a - 25. Let c(p) = -g(p) - 6*o(p). What is c(-19)?
-45
Let a(h) = h**2 - 9*h - 14. Let i = -46 - -107. Suppose 241 = 18*u + i. Calculate a(u).
-4
Suppose 0 = -14*l - l - 314 + 164. Let c(q) = q**2 + 14*q + 4. Give c(l).
-36
Let r(k) = -20*k + 3*k**2 - 2*k**2 - k + 654 - 918. Determine r(30).
6
Let k(x) = -13*x - 31. Let r be k(-5). Let j = -28 + r. Let z(a) = -a**3 + 6*a**2 - a + 12. Let h be z(j). Let o(p) = p**2 - 8*p + 5. Give o(h).
-7
Suppose x + 4*a + 16 = 5, 5*x + 4*a = -119. Let h(s) = 6*s + 162. What is h(x)?
0
Let z(g) = g + 4. Let u be z(-3). Suppose -4*b = 6*o - 5*o, -o - 3*b = -u. Let j(w) = 11*w - 26*w + 12*w + 392790 - 392790. What is j(o)?
-12
Suppose 422 - 62 = 3*q. Let c = q + -118. Let r(o) = 1 + c + 1 - o**3 + 2*o + 0*o**3. Determine r(3).
-17
Let u(n) be the third derivative of -n**6/120 - 4*n**5/15 + 7*n**4/12 - 4*n**3 - 8*n**2 - 15*n. Determine u(-17).
27
Let z(c) be the second derivative of -c**5/10 + c**3/2 + 3*c**2/2 + 2*c. Suppose 0 = 156*i - 145*i - 627. Let h = i - 59. What is z(h)?
13
Let p be ((-16)/(-24))/(1/24). Let r(w) = -w - 2 - 17*w**2 - 2*w + p*w**2 - w. Give r(-3).
1
Let q(o) = o + 7. Let w be (-1)/(6/36*-2*1). Suppose 0 = 3*r - w*r - 3*r. What is q(r)?
7
Let d be (2 - 7)*-1 - (49 + (0 - 1)). Let q(h) = h**2 + 42*h - 38. Determine q(d).
5
Suppose 811*c = -966 - 6637 + 1115. Let i(l) = -l**2 - 13*l - 48. Calculate i(c).
-8
Let x(p) be the first derivative of 22*p**3/3 + p**2 + 2*p - 80. Determine x(-1).
22
Let m(u) be the third derivative of 8*u**2 + 1/3*u**3 - 1/24*u**4 + 0*u + 0. Suppose 0*x = -y + 3*x + 3, 7 = -y - 2*x. Determine m(y).
5
Let w(j) = -j + 2. Let m(z) = z + 1. Let p(s) = 2*s. Let t(u) = m(u) - p(u). Let q(d) = 6*t(d) - 5*w(d). What is q(-3)?
-1
Let k = -15 + 18. Suppose k*d = 4*d + 6. Let r(p) = 8 - 2*p - p**2 - 3*p - 3. Give r(d).
-1
Let d be 0/2 - (9 + -13). Let o be ((-10)/(-8))/(1/d). Let a(b) = -b + 1. Calculate a(o).
-4
Let c(q) = 757*q - 1521*q + 758*q - 3. Suppose p + f = -3*p - 1, 3*p = 4*f - 15. Let u be p*1 - (8 + -13). Calculate c(u).
-27
Let u be (-6)/(-21)*(-20 - -21) - 52/672. Let i(c) be the third derivative of 0 + 1/120*c**6 - u*c**4 - 18*c**2 + c**3 + 0*c - 1/10*c**5. What is i(6)?
-24
Suppose 2*n + 32*u = 28*u - 8, 4*n - u - 2 = 0. Let a(h) be the second derivative of -5/2*h**2 - 1/6*h**3 - 10*h - 1/3*h**4 - 1/20*h**5 + n. Give a(-4).
-1
Suppose -102*a + 1057 = 343. Let p(b) = b**2 - 7*b + 17. Calculate p(a).
17
Let y(b) = -b**2 - 40*b - 8. Let o(s) = -6*s - 1. Let p(h) = 10*o(h) - 2*y(h). What is p(-10)?
6
Let j(o) = 37*o**2 - 33*o - 49. Let w(a) = 44*a**2 - 34*a - 48. Let s(m) = 6*j(m) - 5*w(m). Give s(16).
10
Let k(f) be the first derivative of 1/2*f**2 + 185 + 13*f. Determine k(-3).
10
Let z(b) = -b**2 - 12*b - 2. Let c be 6/10*(124 - 34). Suppose c*p - 77*p = 161. Give z(p).
33
Let j(q) = 2*q - 3. Suppose -3*h + 33 + 6 = 0. Let m(k) = k**2 - 12*k - 6. Let g be m(h). Let u = g - 5. What is j(u)?
1
Let y(u) = u**2 - 5*u - 15. Let o(a) = 4*a**3 - 4*a**2 + 2*a + 6. Let b be o(0). What is y(b)?
-9
Suppose -99*z - 3*o - 53 = -95*z, -3*z - 4*o - 45 = 0. Let r(c) = -c**3 - 9*c**2 + 22*c + 1. What is r(z)?
1
Suppose 575*f = 579*f + 3*i - 39, -5*f - 2*i = -40. Let l(t) = -t**2 + 7*t. Determine l(f).
6
Let i(p) be the first derivative of 2*p**2 + 18*p - 1414. Let c be (-126)/15 + 4/10. Let l(r) = -3*r - 12. Let s(w) = c*l(w) - 5*i(w). What is s(-5)?
-14
Let h be ((-6)/5)/(1 + (-14)/10). Let p(l) = l + 2*l - 10 - h - 7. Determine p(10).
10
Let n(b) be the second derivative of -b**4/12 - 3*b**3/2 - 5*b**2/2 + 550*b. Give n(-7).
9
Let d be (-12 + 0)*(-3)/(-6) - -1283. Let m(n) = -634*n + d*n - 642*n. What is m(5)?
5
Let k be -6*((-20)/36)/((-136)/(-36) + -4). Let v(q) = -4*q - 19. What is v(k)?
41
Let x(f) = f**3 - 13*f**2 + 15*f - 40. Let b(n) = 33*n - 2298. Let o be b(70). Determine x(o).
-4
Let o = 10 - 4. Let b(n) = -4 + 31*n - 11*n - 2 + n**3 - 7*n**2 - 11*n. Calculate b(o).
12
Suppose -k = -3*y + 50, -3*k - 44 - 70 = 3*y. Let u(r) = 3*r + 115. Determine u(k).
-8
Let u = -2708 - -2705. Let r(k) = 4*k**2 - k + 2. Determine r(u).
41
Let q(c) be the first derivative of -c**4/4 - 4*c**3 + 15*c**2 + 41*c + 1230. Determine q(-14).
13
Let o(z) = z**3 - 10*z**2 + 10*z. Suppose 52 = 8*f - 28. Let u be o(f). Let i = -94 + u. Let h(c) = c**2 - 5*c. Determine h(i).
6
Let a(h) = 9*h**2 + 11*h + 206. Let l(y) = 4*y**2 + 5*y + 89. Let s(z) = 3*a(z) - 7*l(z). What is s(0)?
-5
Let n(d) = 2*d - 5. Let u(m) = -1. Let q(c) = -n(c) - u(c). Let o(w) = -w**2 - 11*w + 156. Let v be o(-19). Determine q(v).
-2
Let c(s) = s**2 - 1. Let u(f) = 16*f**2 + 4. Let a = 247 - 242. Let v(l) = a*c(l) + u(l). What is v(1)?
20
Suppose 327 = 11*h + 96. Suppose 13*r = -h - 31. Let s(a) = a**3 + 5*a**2 + 2*a - 1. Determine s(r).
7
Suppose 3*a - 6 = c, -158*c + 6*a - 6 = -155*c. Let n(g) = -g**2 + 5*g + 13. Give n(c).
7
Let i(j) = -15*j + 128. Let b be (-7)/21 + (12/(-18) - -9). What is i(b)?
8
Let b be (6 - 12)*1*2. Let u = -235 - -223. Let d be b/u - -6*(-2)/4. Let y(w) = -2*w**3 - w**2 - w - 1. Determine y(d).
13
Suppose 2*a - 3*k - 10 = 5, 0 = -2*a - 2*k + 10. Let r(n) be the third derivative of 46*n**2 + 1/24*n**4 - 7/6*n**3 + 0 + 0*n. What is r(a)?
-1
Suppose -45 = -4*o + 2*v - v, -o + 15 = v. Suppose 2*r = -r + o, -3*q - 13 = 5*r. Let t(y) = -y**2 - 11*y + 13. What is t(q)?
13
Let i be -3*(5/3 - 1). Let y(h) = -318*h + 629*h - 6*h**2 + 2 - 314*h. Let a(b) = -b**2 + 1. Let r(x) = 4*a(x) - y(x). What is r(i)?
4
Let f(l) = -l. Let z(t) be the third derivative of 1/24*t**4 + 8*t**2 + 0*t - 1/3*t**3 + 0. Let y(p) = 6*f(p) + 2*z(p). Determine y(3).
-16
Let t = 101 + -59. Let k be 5/(75/t)*(-3 + -2). Let p be 30/70 + 48/k. Let n(z) = -z**2 + z - 1. What is n(p)?
-13
Let v be (31/(1612/(-78)))/((-3)/(-2)). Let m(w) = -22*w - 2. De